rue
Suppose -5*o + 20 = 4*p, 2*o + 2*o - 16 = -3*p. Suppose 2*j - o*l = 3247 + 731, 4*j = 5*l + 7950. Is j a composite number?
True
Suppose -1 = 4*t + 15. Is -416*(2 - (-1 - t)) - -3 a prime number?
True
Suppose 0 = -k + 2*o + 61119, k = -2*k + 3*o + 183369. Is k composite?
True
Let c(g) = g**2. Let r(j) = 5*j**2 + 21*j - 5. Let b(q) = -2*c(q) + r(q). Is b(21) composite?
False
Suppose -8*v + 12332 = 204. Suppose -v = -0*k - 4*k. Is k composite?
False
Let r = -32566 - -55305. Is r a prime number?
True
Let k = -200 + -67. Let a = 180 + k. Is -2 + 0 - (6 + a) prime?
True
Let i(k) = k + 1. Suppose 0 = -5*l + 20, 0 = 5*y - l - 1 - 0. Let w be i(y). Suppose -4*m - w*f = 2*f - 1652, -m + 413 = 3*f. Is m composite?
True
Let l(n) = -n**3 + 8*n**2 - 2. Let d be 10*1/(10/8). Let m be l(d). Is (-2425)/(-10)*m/(-1) composite?
True
Let r = 4159 - 1506. Is r a prime number?
False
Let c(q) = -6*q**3 - 8*q**2 - 24*q + 5. Is c(-8) a composite number?
True
Let r(p) = p**3 + 10*p**2 - 11*p + 7. Let y be r(-11). Let c = 362 - y. Is c a prime number?
False
Suppose -4*a = -16, 2*a - 3*a - 808 = -4*o. Is o a prime number?
False
Is ((-10)/35)/(16/(-242312)) a composite number?
False
Suppose 5*r + 6027 - 1347 = 0. Let q be (-1)/(-3) - r/27. Let v = -24 + q. Is v prime?
True
Let w(p) = -p**3 - p**2 + 2*p + 1. Let k be w(-2). Let r be (47 - k)*(-1)/(-2). Suppose -2*s - 4*g + 143 = r, 3*s = 4*g + 190. Is s prime?
False
Let o = 7145 - 4282. Is o prime?
False
Let g(d) = 45*d**2 - 30*d - 130. Is g(-15) prime?
False
Suppose 1255 = -14*u + 30921. Is u composite?
True
Let c(x) = -x**3 - 26*x**2 - 29*x - 55. Is c(-27) a prime number?
False
Let l be (-3)/((-135)/6) - (-23785)/(-75). Let y = 528 + l. Is y prime?
True
Let t = 15 + -13. Suppose t*o + 4 = 0, 8*o - 3*o = -5*k + 5265. Is k prime?
False
Is (125 - 928)*(0 - 2)/2 a composite number?
True
Is 148/111*(-39855)/(-4) prime?
False
Is 512820/15 - (-11)/1 composite?
True
Let p be (-140)/(-44) - 4/22. Suppose 0*k - p*k = g - 1773, -5*k - 4*g + 2955 = 0. Is k prime?
False
Suppose -8*j = -102158 - 107370. Is j a prime number?
False
Let s = 38 - 5. Let b = -33 + s. Suppose -d + 2*d - 71 = b. Is d a prime number?
True
Suppose -o + 4*b + 2374 = 0, 3*b - 1113 - 1240 = -o. Is o composite?
True
Let x = 8153 - 5500. Is x composite?
True
Let p be (10275/(-45))/(1/(-3)). Let g = 1178 - p. Is g a composite number?
True
Suppose 0 = -5*o + 2*g + 2243, -3*o - g + 1321 = 4*g. Suppose -3*l + 1586 - o = j, -4 = -2*j. Is l a composite number?
False
Suppose 5*q - 13 = -288. Let c = q - 12. Let a = c - -228. Is a composite?
True
Suppose -8*g - 410 - 70 = 0. Let o = g + 218. Is o a prime number?
False
Let p(s) = s**3 + 16*s**2 - 10*s + 4. Let r(x) = x**2 - 4*x - 14. Let g be r(7). Is p(g) a prime number?
True
Suppose -28*m + 11845 = -18451. Is m a prime number?
False
Suppose 5*r = 5*u + 8*r, 3*u - 34 = 5*r. Is (-127)/(1 - (u - 1)) prime?
True
Let v be 472/20*(-5)/1. Let w = -176 - v. Let q = -39 - w. Is q a composite number?
False
Let n(b) be the second derivative of -b**5/20 + b**4/4 + 17*b**3/6 + b**2 + 7*b. Is n(-7) a composite number?
False
Suppose -5*z + 51 = b - 4*b, -z = 5*b + 1. Suppose z*i - 1250 = -5*c + 4*i, -2*c + 5*i = -507. Is c composite?
False
Let h = 3 - 1. Let r be h/7 - 4134/14. Is r/(-10)*14*1 composite?
True
Let q = -125 - -112. Let y(l) = -3*l**2 + 33*l - 51. Let u(a) = a**2 - 11*a + 17. Let x(p) = 7*u(p) + 2*y(p). Is x(q) composite?
True
Let p = 0 + 3. Suppose 0 = p*t - c - 177, 3*c = -3*t + 219 - 42. Is t prime?
True
Let y(o) = 2*o**3 - 19*o**2 + 16*o - 15. Let v be y(12). Suppose -v = -2*l + 761. Is l a prime number?
True
Suppose 45 = 5*s - 10*s. Let p = 11 + s. Is (-9672)/(-8)*p/6 a composite number?
True
Let l be (7/(-2))/((-14)/28). Is l + -8 - (0 + -702) a prime number?
True
Suppose -2*f + 482 = -884. Is f a prime number?
True
Is ((-8)/(-4))/(19334/(-6446) - -3) a composite number?
True
Let m = -54 + 58. Is (-143)/(-1) + 4 + (0 - m) composite?
True
Let r = -15 + 11. Let m(i) = 10*i**2 - 6*i - 25. Is m(r) prime?
False
Let s(g) = -g**2 - 4*g + 9. Let a be s(-5). Suppose 5*n + a*n = 846. Is n a composite number?
True
Suppose 37*i - 2 = 38*i. Suppose 2*u = -3*u. Is (2 - -109) + (i - u) a composite number?
False
Is ((-242438)/56)/((-3)/(-12)*-1) a composite number?
False
Suppose 4*m + 6*x - 37 = x, -3*m + 2*x = 1. Suppose 0 = -3*a - 2*s + 2145, 0 = -4*s + 3*s - m. Is a composite?
True
Suppose 2*p = 3*w - 15, 5*w + p = -4*p. Suppose 4*r = f + 304, -f - 1216 = w*f + 5*r. Let i = 599 + f. Is i a prime number?
False
Suppose 13*a - 5070 - 4108 = 0. Is a prime?
False
Let f(t) = 39*t**2 + 21*t + 215. Is f(33) composite?
True
Let p be (-18)/2 - (-13 - -10). Let v be p/(-4)*(-24)/(-9). Suppose -k - 4*o - 32 = -283, 0 = v*k - 3*o - 947. Is k composite?
False
Suppose -2*c - 3*i = -11, 2*c + 0*i + 4 = 2*i. Let k be (-1 - -3) + (c - -730). Suppose -237 = -5*g + k. Is g composite?
True
Suppose 8 = -5*b + 2*t, 0 = 2*b - b - 5*t + 20. Suppose -49 = -2*r + 5*y - 16, b = 2*r - 2*y - 24. Suppose -j + r*j - 1688 = 0. Is j a prime number?
True
Let a(u) = 315*u - 20. Is a(19) a composite number?
True
Suppose 62005 = -22*m + 282643. Is m a prime number?
False
Is ((-104391)/(-12))/(111/148) a composite number?
True
Let z(i) be the second derivative of 7*i**4/12 + 19*i**2/2 + 31*i. Is z(10) a composite number?
False
Let t be (1*-2)/(-3*6/12258). Let a = -845 + t. Is a a prime number?
False
Let i = 5318 - 3495. Is i composite?
False
Let h(a) = 53*a**2 + 5*a + 5. Let p(m) = -26*m**2 - 2*m - 2. Let u(f) = -3*h(f) - 7*p(f). Let o(g) be the first derivative of u(g). Is o(9) prime?
False
Suppose -2*w + 5*x + 1629 + 2493 = 0, 4094 = 2*w + 2*x. Is w prime?
False
Suppose -33481 = 19*z - 26*z. Is z prime?
True
Let c = 1503 + -235. Suppose a - 569 - 54 = -5*j, -j - c = -2*a. Suppose 0 = 5*r - 2*r - a. Is r composite?
False
Suppose -71*n = 17*n - 577544. Is n a composite number?
False
Suppose -9*f = -52001 + 7658. Is f a composite number?
True
Suppose 2*l - 7 + 3 = 0. Is (-6139)/(-14) - (-1)/l*1 a prime number?
True
Let z be 12/3*(-8 - -9). Is 1 + z*(-540)/(-4) a composite number?
False
Suppose -8*m + 6228 = -5*m. Suppose -m = -5*g + 1939. Is g composite?
True
Suppose -10*w = -6*w - 372. Suppose 4*h = -w + 4065. Suppose 4*f - f = h. Is f prime?
True
Let o(a) = 8*a**2 - 11*a + 2. Let l be o(5). Suppose l*w + 443 = 148*w. Is w composite?
False
Suppose -i + 18 = -0. Let g be i/(-135) - (-11344)/30. Is (g - -3 - 0)*1 a composite number?
True
Let n be 61/2 + (-10)/20. Let f = n - -64. Is f/(4 - 1 - 2) prime?
False
Suppose 15*u - 107419 = 2*u. Is u composite?
False
Is (-32)/(-56) + 743682/21 prime?
False
Let y be (-4)/(-22) + 378/99. Is -39*6/(-9) - y prime?
False
Let l = -19 - -21. Suppose -l*j + 5 = -7. Is 4/j*894/4 prime?
True
Let d = -7764 + 23909. Is d a composite number?
True
Suppose 0*k = k - 5273. Is k a prime number?
True
Suppose -18*g = -13*g. Suppose -6*y = -g*y - 41592. Suppose -1343 = -5*a + y. Is a composite?
True
Let h = -50 - -23. Suppose 0*c + c = 2, 3*c + 314 = 4*m. Let p = m + h. Is p a composite number?
False
Suppose -50 + 169 = t - 3*c, 3*t + 2*c = 324. Let d(r) = t*r**2 + 59*r**2 + 32*r**2 - 3*r - 2. Is d(-1) a prime number?
False
Let z = 20 - 9. Suppose -2*u + 22867 = z*u. Is u composite?
False
Suppose 8*c - 2188 = 1468. Is c composite?
False
Let k(a) = -481 + 11*a**2 + 3*a**2 - 7*a + 488 - a**3. Is k(7) composite?
True
Let u(n) be the second derivative of n**4/12 - 2*n**3/3 - 22*n. Suppose 2*w + 35 = 7*w. Is u(w) a prime number?
False
Let z(h) = 13402*h**2 - 23*h + 24. Is z(1) a composite number?
True
Let x(g) = g + 4. Let u be x(0). Let w(q) = -1 - 10*q + 3*q - u - 2. Is w(-6) composite?
True
Let l(p) = 51*p**2 + 4*p + 79. Is l(10) composite?
True
Suppose 0*c - i + 349 = 3*c, -5*i + 365 = 3*c. Is 4/(-10) + 78131/c composite?
True
Let v = 207 + 1390. Let x = v + -1000. Is x a prime number?
False
Let l be (-4)/(-4) - -1 - 0. Let a = l - -1. Suppose -3*d = x - 19, -x - 46 = -a*x - 2*d. Is x prime?
False
Suppose 17 = -3*x + 2. Is (x/((-175)/14))/(1/215) a prime number?
False
Suppose -2*x + 34 = 6. Suppose 0 = 3*k - 25*k + 198. Suppose -k*d - 3395 = -x*d. Is d a prime number?
False
Let f(x) = -25*x**3 - 14*x**2 + 27*x + 17. Is f(-10) composite?
T